c) = 36438*c - 110488. Give y(3).
-1174
Let f(d) = 8748*d + 656098. Determine f(-75).
-2
Let p(t) = t**3 + 481*t**2 + 33039*t + 382. Determine p(-83).
-33
Let j(r) = 2*r**3 - 83*r**2 + 191*r - 135. What is j(39)?
-291
Let x(k) = 29131*k + 524350. Give x(-18).
-8
Let w(z) = z**3 - 347*z**2 - 20746*z + 29. Give w(-52).
-75
Let y(c) = 42499*c + 425054. What is y(-10)?
64
Let g(b) = 725*b - 84850. What is g(117)?
-25
Let a(g) = 1153*g - 20384. Calculate a(16).
-1936
Let z(i) = 5*i**3 - 45*i**2 - 48233*i + 434107. What is z(9)?
10
Let p(n) = -49*n**2 + 4804*n + 108687. Give p(117).
-6
Let t(d) = -20*d**2 + 5518*d - 27537. What is t(5)?
-447
Let q(i) = 2*i**3 - 38*i**2 - 77*i + 326. What is q(21)?
473
Let l(h) = 39*h**3 - 3*h**2 + 4*h + 32. What is l(-3)?
-1060
Let c(q) = -11617*q - 557620. What is c(-48)?
-4
Let c(x) = -x**3 - 52*x**2 - 103*x - 2083. Determine c(-51).
569
Let f(b) = 8*b**2 + 406*b - 878. What is f(-53)?
76
Let x(c) = -3*c**3 - 478*c**2 + 2174*c + 220420. Determine x(-161).
11
Let i(j) = -4149*j - 86681. Determine i(-21).
448
Let f(p) = 3114*p - 59186. What is f(21)?
6208
Let t(i) = -23*i**2 - 87*i - 239. Calculate t(-3).
-185
Let c(d) = -1669*d + 207000. What is c(124)?
44
Let j(u) = -40*u**2 + 868*u - 2041. Give j(19).
11
Let p(b) = -b**2 + 450*b + 144878. What is p(-217)?
139
Let j(c) = 2*c**3 + 340*c**2 + 3490*c - 29. What is j(-11)?
59
Let b(l) = 287*l**2 + 81*l - 1. What is b(-2)?
985
Let n(y) = 16*y**2 - 78*y + 688. What is n(8)?
1088
Let a(b) = b**2 - 16949*b + 84707. Determine a(5).
-13
Let w(f) = 12*f**3 + 4*f**2 - 17*f - 49. Give w(-3).
-286
Let f(t) = 56*t**2 - 1714*t - 171. Determine f(30).
-1191
Let z(q) = 352290*q + 11273283. Give z(-32).
3
Let q(i) = -207*i**2 + 31408*i + 8540. Give q(152).
28
Let s(n) = -9010*n**2 + 2234478*n + 492. Calculate s(248).
-4
Let n(v) = -v**3 + 51*v**2 + 306*v - 4698. Calculate n(55).
32
Let d(x) = 22*x**2 + 405*x + 1117. Calculate d(-19).
1364
Let g(w) = -9*w**2 + 2185*w + 11156. Calculate g(-5).
6
Let l(m) = -4*m**3 + 221*m**2 + 171*m - 224. Give l(56).
-56
Let u(t) = t**3 + 835*t**2 - 7603*t - 64. Give u(9).
-127
Let q(w) = -w**3 + 7*w**2 + 67*w - 18. Calculate q(13).
-161
Let b(c) = -c**2 - 97*c - 1131. What is b(-82)?
99
Let w(n) = n**3 + 19*n**2 + n + 2901. Give w(-24).
-3
Let p(z) = z**2 + 36714*z + 2967281. Determine p(-81).
8
Let z(t) = -3704*t + 25912. Give z(7).
-16
Let f(u) = 11*u**2 - 3347*u + 965. Determine f(304).
53
Let k(t) = -2*t**3 - 7*t**2 + 600*t + 1228. What is k(-2)?
16
Let p(m) = 6656*m - 172991. Determine p(26).
65
Let m(t) = 927*t + 139025. Calculate m(-150).
-25
Let l(x) = -x**3 - 128*x**2 + 335*x - 172. What is l(2)?
-22
Let q(y) = 159*y**2 - 1721*y - 50. Calculate q(11).
258
Let f(w) = 22718*w + 181742. Determine f(-8).
-2
Let f(l) = 65970*l + 461782. Give f(-7).
-8
Let x(y) = -10375*y - 415007. Give x(-40).
-7
Let p(a) = -262*a + 2893. Give p(7).
1059
Let q(l) = -3*l**3 + 64*l**2 - 585*l + 11829. Give q(21).
-15
Let t(v) = -v**3 + 9*v**2 + 51*v - 10. Give t(0).
-10
Let b(v) = -v**2 + 50*v + 825. Calculate b(61).
154
Let h(q) = 1237*q**3 + 2*q**2 - 9*q - 10. Determine h(-1).
-1236
Let a(j) = -j**3 - 106*j**2 - 246*j - 14809. Calculate a(-105).
-4
Let s(c) = -20*c**2 + 520*c - 1884. Give s(21).
216
Let h(u) = 44982*u + 1664336. Give h(-37).
2
Let w(c) = 3*c**2 - 217*c + 412. Calculate w(2).
-10
Let v(w) = 2293*w + 77520. What is v(-34)?
-442
Let z(k) = 31831*k + 636626. Determine z(-20).
6
Let t(n) = -2*n**3 + 36*n**2 + 537*n - 221. Determine t(-10).
9
Let w(o) = 23*o**2 - 1779*o + 28. Give w(77).
-588
Let f(c) = 2*c**3 - 72*c**2 + 500*c + 1245. Give f(25).
-5
Let p(x) = 3399*x - 825917. Give p(243).
40
Let d(g) = g**3 - 78*g**2 + 360*g + 240. Calculate d(73).
-125
Let g(d) = 2*d**3 - 9*d**2 - 618*d + 3616. What is g(6)?
16
Let s(n) = 2810801*n + 2810802. Determine s(-1).
1
Let x(n) = 32495*n + 64988. Determine x(-2).
-2
Let d(x) = -51*x**2 - 1355*x - 820. What is d(-26)?
-66
Let w(j) = -j**2 + 430*j + 11916. Give w(-26).
60
Let x(a) = 11583*a + 58225. Give x(-5).
310
Let t(v) = 42*v + 1365. Calculate t(-23).
399
Let m(w) = -w**2 - 3*w + 16479. What is m(-130)?
-31
Let s(b) = -2*b**3 + 10*b**2 + 256*b. Calculate s(-9).
-36
Let z(h) = -963*h - 316801. Give z(-329).
26
Let b(c) = 1239*c + 29144. Determine b(-23).
647
Let c(y) = -y**3 - 24*y**2 - 1102*y - 30002. Give c(-26).
2
Let v(l) = 4*l**2 + 38*l - 11. Give v(-15).
319
Let j(f) = -408*f + 64629. Calculate j(158).
165
Let q(n) = 6*n**2 - 27980*n - 392876. Calculate q(-14).
20
Let o(n) = 36626*n - 46331899. Determine o(1265).
-9
Let j(a) = a**3 - 257*a**2 - 2661*a + 808601. Determine j(255).
-4
Let r(v) = -v**3 + 16*v**2 + 407*v - 6566. Determine r(20).
-26
Let o(k) = -k**3 - 7*k**2 + 25*k + 412. Give o(-7).
237
Let l(t) = 3*t**3 + 3723*t**2 + 481*t + 596914. What is l(-1241)?
-7
Let t(w) = -w**3 - 256*w**2 - 15859*w - 664. Calculate t(-151).
-60
Let d(a) = 2*a**3 + 44*a**2 - 569*a - 332. What is d(-31)?
9
Let l(t) = 5*t**3 + 19*t**2 + 69*t + 244. Give l(-4).
-48
Let x(u) = u**3 + 33*u**2 - 21*u + 580. Give x(-34).
138
Let a(d) = -d**3 + 25*d**2 + 96*d - 108. Calculate a(29).
-688
Let g(y) = -y**3 - 714*y**2 - 140*y - 99975. Calculate g(-714).
-15
Let m(g) = -2*g**2 - 1222*g + 6147. Give m(5).
-13
Let f(w) = -544*w - 11471. Give f(-23).
1041
Let u(d) = 2098*d + 39571. Determine u(-19).
-291
Let j(a) = 2911*a - 61122. Determine j(21).
9
Let i(f) = 2*f**2 - 15425*f + 1160745. Calculate i(76).
-3
Let q(f) = -48118*f + 336827. Determine q(7).
1
Let f(p) = 36*p**2 - 6440*p + 156477. Give f(29).
-7
Let w(k) = k**2 + 28*k - 654. Calculate w(-19).
-825
Let k(y) = 13393*y + 40178. Give k(-3).
-1
Let i(j) = -407*j + 2187. Calculate i(6).
-255
Let o(z) = -4610367*z - 101428075. Determine o(-22).
-1
Let r(y) = -80897*y + 647189. Calculate r(8).
13
Let j(s) = -s**3 + 21*s**2 + 679*s - 8872. Determine j(11).
-193
Let x(u) = -10*u**2 + 1020*u - 9. Give x(0).
-9
Let y(v) = -v**3 - 16*v**2 + 47*v + 1055. Determine y(-14).
5
Let o(g) = -2203*g**2 - 491270*g - 336. Give o(-223).
-113
Let f(y) = 2*y**3 + 8*y**2 - 66*y - 1515. Determine f(9).
-3
Let q(h) = 507*h**2 + 1420*h - 295. Give q(-3).
8
Let r(n) = -n**2 - 1466*n - 21774. Calculate r(-15).
-9
Let v(d) = d**3 - 1618*d**2 + 163078*d + 209. Give v(108).
-7
Let q(u) = -24*u**2 - 2257*u - 92. What is q(-94)?
2
Let x(a) = -5045*a**2 + 20196*a + 4. Calculate x(4).
68
Let m(h) = 33*h**3 + 59*h**2 + 210*h - 1029. What is m(5)?
5621
Let w(b) = -20*b**2 + 20660*b - 164009. Determine w(1025).
-9
Let u(n) = 43*n**2 - 1249*n + 67. Give u(29).
9
Let z(x) = -5*x**3 + 19*x**2 - 56*x + 223. Determine z(5).
-207
Let u(q) = -4*q**2 - 291733*q + 1458768. Determine u(5).
3
Let z(y) = -21675*y - 152169. Calculate z(-7).
-444
Let u(d) = -2807*d - 182502. Determine u(-65).
-47
Let x(i) = -65371*i - 392222. Calculate x(-6).
4
Let h(f) = -907*f + 28977. Give h(32).
-47
Let o(z) = z**2 + 36*z + 48. What is o(0)?
48
Let c(k) = 15*k**2 + 7820*k + 870209. Calculate c(-161).
4
Let d(c) = -6053096*c - 48424780. Give d(-8).
-12
Let o(x) = -9*x**3 + 2365*x**2 + 540*x - 905. Determine o(263).
2777
Let v(r) = 5173*r - 93148. Determine v(18).
-34
Let v(g) = -11710*g - 128899. Determine v(-11).
-89
Let v(h) = -16*h**2 - 624*h - 3961. What is v(-31)?
7
Let d(g) = 2*g**3 + 63*g**2 - 60*g - 892. What is d(-32)?
4
Let t(d) = 7*d**2 - 483*d + 1710. What is t(66)?
324
Let l(q) = -q**2 + 9301*q + 11937500. What is l(-1143)?
8
Let w(a) = -2*a**3 - 524*a**2 - 2569*a + 144. What is w(-257)?
-113
Let s(o) = -o**3 + 82*o**2 - 122*o - 3019. Give s(80).
21
Let r(b) = 3960226*b - 47522706. Give r(12).
6
Let l(z) = -1870*z + 112201. Determine l(60).
1
Let v(d) = 12*d**3 - 3091*d**2 + 1726*d + 18783. What is v(257)?
22
Let x(n) = 4*n - 2454. Determine x(128).
-1942
Let a(k) = -5*k**2 + 303*k - 3278. Give a(14).
-16
Let t(c) = c**3 - 2*c**2 - 22621*c - 204. Calculate t(0).
-204
Let z(f) = -1828*f - 217. What is z(0)?
-217
Let t(k) = -k**3 - 78*k**2 + 526*k + 22937. Give t(-81).
14
Let b(i) = -i**3 + 73*i**2 - 134*i + 4524. Give b(72).
60
Let u(f) = 127*f**2 + 898*f + 138. Calculate u(-7).
75
Let l(h) = -h**3 - 7*h**2 + 1991*h + 8002. Give l(-4).
-10
Let h(t) = -2204*t - 339451. What is h(-154)?
-35
Let c(i) = -i**2 + 182265*i